
False
Is 26 a factor of 952?
False
Is 6 a factor of 11862?
True
Is 1108 a multiple of 36?
False
Does 11 divide 1496?
True
Does 22 divide 2102?
False
Is 35 a factor of 1225?
True
Is 32 a factor of 1158?
False
Is 9 a factor of 468?
True
Is 25 a factor of 925?
True
Is 105 a factor of 22259?
False
Does 3 divide 30?
True
Is 60 a factor of 266?
False
Is 658 a multiple of 35?
False
Is 52500 a multiple of 29?
False
Does 12 divide 2952?
True
Is 2952 a multiple of 11?
False
Is 9 a factor of 225?
True
Does 9 divide 3609?
True
Does 119 divide 131475?
False
Is 153 a factor of 55845?
True
Is 55 a factor of 2681?
False
Is 31 a factor of 1949?
False
Is 416 a multiple of 52?
True
Is 7 a factor of 1740?
False
Is 189 a multiple of 27?
True
Does 6 divide 558?
True
Does 31 divide 522?
False
Does 15 divide 340?
False
Does 4 divide 3775?
False
Does 32 divide 5684?
False
Is 13 a factor of 550?
False
Does 87 divide 4872?
True
Is 20 a factor of 59?
False
Is 7 a factor of 3136?
True
Is 19 a factor of 703?
True
Is 2 a factor of 11?
False
Is 138 a factor of 564?
False
Is 31 a factor of 560?
False
Is 207 a multiple of 11?
False
Is 1283 a multiple of 11?
False
Is 105 a factor of 601?
False
Does 53 divide 1749?
True
Does 3 divide 39973?
False
Is 4 a factor of 292?
True
Is 6 a factor of 1302?
True
Is 1426 a multiple of 31?
True
Is 12 a factor of 804?
True
Does 31 divide 465?
True
Is 23592 a multiple of 24?
True
Is 5304 a multiple of 68?
True
Does 10 divide 830?
True
Is 2604 a multiple of 84?
True
Is 432 a multiple of 54?
True
Is 9 a factor of 180?
True
Is 81 a factor of 162?
True
Is 6 a factor of 13608?
True
Is 7 a factor of 1127?
True
Is 3652 a multiple of 83?
True
Does 9 divide 297?
True
Does 60 divide 781?
False
Is 52 a factor of 1548?
False
Is 35560 a multiple of 3?
False
Does 28 divide 336?
True
Is 1868 a multiple of 14?
False
Does 4 divide 72772?
True
Is 159 a multiple of 7?
False
Is 1440 a multiple of 40?
True
Does 20 divide 1740?
True
Does 3 divide 4243?
False
Is 3174 a multiple of 44?
False
Is 504 a multiple of 21?
True
Does 4 divide 2564?
True
Is 10624 a multiple of 64?
True
Does 15 divide 1298?
False
Is 9 a factor of 216?
True
Does 22 divide 1635?
False
Is 49 a factor of 1006?
False
Does 39 divide 6981?
True
Is 2 a factor of 303?
False
Is 90 a factor of 5130?
True
Is 26208 a multiple of 63?
True
Is 26 a factor of 22958?
True
Does 6 divide 10086?
True
Does 48 divide 1855?
False
Does 61 divide 1907?
False
Is 17647 a multiple of 16?
False
Is 49 a factor of 22911?
False
Does 107 divide 13589?
True
Is 61 a factor of 1159?
True
Is 13875 a multiple of 37?
True
Does 10 divide 498?
False
Does 9 divide 243?
True
Does 36 divide 396?
True
Is 37809 a multiple of 75?
False
Is 423 a multiple of 47?
True
Is 195 a multiple of 15?
True
Is 9638 a multiple of 91?
False
Does 93 divide 3679?
False
Is 24 a factor of 1264?
False
Is 10202 a multiple of 24?
False
Is 2568 a multiple of 5?
False
Does 36 divide 16320?
False
Is 34 a factor of 168?
False
Is 125 a factor of 30331?
False
Is 64 a factor of 59200?
True
Is 38 a factor of 1558?
True
Does 18 divide 2850?
False
Is 2232 a multiple of 6?
True
Is 57 a factor of 1767?
True
Is 2321 a multiple of 14?
False
Does 8 divide 387?
False
Is 9819 a multiple of 3?
True
Is 137 a factor of 4938?
False
Is 1539 a multiple of 81?
True
Is 30571 a multiple of 36?
False
Does 31 divide 5587?
False
Is 11 a factor of 3741?
False
Is 465 a multiple of 15?
True
Is 26 a factor of 475?
False
Does 16 divide 704?
True
Is 138 a multiple of 85?
False
Is 4002 a multiple of 87?
True
Is 5977 a multiple of 42?
False
Is 83790 a multiple of 114?
True
Does 66 divide 1177?
False
Is 6709 a multiple of 179?
False
Is 2325 a multiple of 8?
False
Does 79 divide 1325?
False
Does 10 divide 7800?
True
Is 67 a factor of 1859?
False
Does 10 divide 10330?
True
Does 35 divide 4585?
True
Does 11 divide 2409?
True
Is 12 a factor of 13968?
True
Is 75 a multiple of 15?
True
Does 29 divide 544?
False
Is 28 a factor of 83328?
True
Does 39 divide 11699?
False
Is 9 a factor of 826?
False
Is 4 a factor of 10617?
False
Is 25 a factor of 2400?
True
Does 43 divide 1279?
False
Is 311 a multiple of 12?
False
Is 143 a factor of 24456?
False
Is 11 a factor of 574?
False
Is 176 a multiple of 8?
True
Does 55 divide 2516?
False
Is 2 a factor of 87?
False
Does 11 divide 2154?
False
Is 60 a factor of 24722?
False
Is 4860 a multiple of 18?
True
Does 4 divide 23904?
True
Does 70 divide 810?
False
Is 66 a factor of 12540?
True
Is 100802 a multiple of 13?
True
Is 13 a factor of 23868?
True
Is 523 a multiple of 70?
False
Is 11 a factor of 67812?
False
Does 16 divide 2373?
False
Is 28 a factor of 4216?
False
Is 56078 a multiple of 135?
False
Does 39 divide 234?
True
Does 12 divide 30096?
True
Is 67 a factor of 4965?
False
Is 6871 a multiple of 3?
False
Is 84 a factor of 2268?
True
Does 10 divide 90?
True
Is 736 a multiple of 15?
False
Is 20 a factor of 2509?
False
Does 18 divide 17694?
True
Is 46 a factor of 3036?
True
Is 15 a factor of 104?
False
Does 4 divide 76?
True
Is 1171 a multiple of 4?
False
Is 1099 a multiple of 7?
True
Does 66 divide 1056?
True
Is 12718 a multiple of 10?
False
Does 22 divide 844?
False
Is 16 a factor of 20240?
True
Does 19 divide 9094?
False
Does 44 divide 308?
True
Does 36 divide 2268?
True
Is 164 a multiple of 45?
False
Is 29 a factor of 3267?
False
Is 50 a multiple of 25?
True
Is 684 a multiple of 18?
True
Does 35 divide 15572?
False
Does 18 divide 102?
False
Is 25 a factor of 650?
True
Is 93 a multiple of 46?
False
Is 6202 a multiple of 19?
False
Is 136152 a multiple of 18?
True
Is 63 a factor of 4914?
True
Does 190 divide 29917?
False
Does 101 divide 1919?
True
Does 3 divide 178?
False
Is 2 a factor of 670?
True
Does 14 divide 147?
False
Does 23 divide 428?
False
Is 1030 a multiple of 52?
False
Does 22 divide 2596?
True
Is 552 a multiple of 12?
True
Is 412 a multiple of 4?
True
Is 92157 a multiple of 351?
False
Is 755 a multiple of 5?
True
Does 8 divide 6685?
False
Is 14 a factor of 15116?
False
Is 56 a factor of 2067?
False
Is 13442 a multiple of 26?
True
Does 60 divide 7860?
True
Is 13 a factor of 43751?
False
Does 75 divide 84225?
True
Is 36 a factor of 2088?
True
Does 3 divide 138?
True
Does 23 divide 1081?
True
Is 47810 a multiple of 35?
True
Does 15 divide 885?
True
Does 16 divide 2655?
False
Is 382 a multiple of 2?
True
Is 107 a factor of 670?
False
Is 3564 a multiple of 3?
True
Is 3266 a multiple of 71?
True
Does 71 divide 2414?
True
Is 3 a factor of 471?
True
Is 89010 a multiple of 45?
True
Is 11 a factor of 7117?
True
Is 52 a multiple of 9?
False
Is 16 a factor of 384?
True
Does 269 divide 23058?
False
Is 5018 a multiple of 13?
True
Does 5 divide 21825?
True
Does 149 divide 109491?
False
Is 1114 a multiple of 47?
False
Is 38 a factor of 23404?
False
Is 80 a factor of 7997?
False
Is 7 a factor of 1136?
False
Is 6684 a multiple of 12?
True
Does 18 divide 8892?
True
Is 74 a factor of 41431?
False
Is 120 a multiple of 11?
False
Does 10 divide 16686?
False
Is 123 a multiple of 3?
True
Is 130 a factor of 864?
False
Is 9 a factor of 29?
False
Does 95 divide 4275?
True
Is 88 a factor of 9416?
True
Is 4480 a multiple of 16?
True
Is 4836 a multiple of 186?
True
Is 1550 a multiple of 53?
False
Is 92 a factor of 39327?
False
Is 687 a multiple of 36?
False
Is 983 a multiple of 17?
False
Is 11352 a multiple of 66?
True
Is 10 a factor of 520?
True
Is 2518 a multiple of 2?
True
Does 6 divide 30273?
False
Is 15 a factor of 3000?
True
Is 26538 a multiple of 72?
False
Is 1339 a multiple of 8?
False
Does 5 divide 691?
False
Is 9 a factor of 224?
False
Is 1736 a multiple of 25?
False
Is 14 a factor of 2858?
False
Is 13221 a multiple of 117?
True
Is 10 a factor of 61?
False
Does 14 divide 2212?
True
Is 352 a multiple of 22?
True
Is 10274 a multiple of 22?
True
Is 173698 a multiple of 19?
True
Is 1512 a multiple of 56?
True
Does 17 divide 1326?
True
Is 508 a multiple of 18?
False
Is 225 even?
False
Is 1050 a multiple of 11?
False
Is 3 a factor of 631?
False
Is 52 a factor of 18388?
False
Does 32 divide 5089?
False
Is 47320 a multiple of 20?
True
Is 1976 a multiple of 48?
False
Is 416 a multiple of 32?
True
Is 182 a multiple of 7?
True
Does 13 divide 2231?
False
Is 598 a multiple of 23?
True
